{"id":714,"date":"2021-07-21T17:31:25","date_gmt":"2021-07-21T15:31:25","guid":{"rendered":"https:\/\/www.deratech.be\/uslugi\/ombouw-bombeertafel\/"},"modified":"2021-07-22T19:20:23","modified_gmt":"2021-07-22T17:20:23","slug":"24-modernizacja-stolu-dolnego","status":"publish","type":"page","link":"https:\/\/www.deratech.be\/pl\/uslugi\/24-modernizacja-stolu-dolnego\/","title":{"rendered":"MODERNIZACJA STO\u0141U DOLNEGO"},"content":{"rendered":"<p>Nie uzyskujesz dok\u0142adnego k\u0105ta gi\u0119cia na ca\u0142ej d\u0142ugo\u015bci gi\u0119cia Twojej prasy kraw\u0119dziowej ? W\u0142a\u015bciwym rozwi\u0105zaniem jest tu st\u00f3\u0142 dolny z kompensacj\u0105 ugi\u0119cia.<\/p>\n","protected":false},"excerpt":{"rendered":"<p>Nie uzyskujesz dok\u0142adnego k\u0105ta gi\u0119cia na ca\u0142ej d\u0142ugo\u015bci gi\u0119cia Twojej prasy kraw\u0119dziowej ? W\u0142a\u015bciwym rozwi\u0105zaniem jest tu st\u00f3\u0142 dolny z kompensacj\u0105 ugi\u0119cia.<\/p>\n","protected":false},"author":1,"featured_media":601,"parent":687,"menu_order":35,"comment_status":"closed","ping_status":"closed","template":"","meta":{"_acf_changed":false,"inline_featured_image":false,"footnotes":""},"class_list":["post-714","page","type-page","status-publish","has-post-thumbnail","hentry"],"acf":[],"yoast_head":"<!-- This site is optimized with the Yoast SEO plugin v27.0 - https:\/\/yoast.com\/product\/yoast-seo-wordpress\/ -->\n<title>MODERNIZACJA STO\u0141U DOLNEGO - Deratech<\/title>\n<meta name=\"robots\" content=\"index, follow, max-snippet:-1, max-image-preview:large, max-video-preview:-1\" \/>\n<link rel=\"canonical\" href=\"https:\/\/www.deratech.be\/pl\/uslugi\/24-modernizacja-stolu-dolnego\/\" \/>\n<meta property=\"og:locale\" content=\"pl_PL\" \/>\n<meta property=\"og:type\" content=\"article\" \/>\n<meta property=\"og:title\" content=\"MODERNIZACJA STO\u0141U DOLNEGO - Deratech\" \/>\n<meta property=\"og:description\" content=\"Nie uzyskujesz dok\u0142adnego k\u0105ta gi\u0119cia na ca\u0142ej d\u0142ugo\u015bci gi\u0119cia Twojej prasy kraw\u0119dziowej ? W\u0142a\u015bciwym rozwi\u0105zaniem jest tu st\u00f3\u0142 dolny z kompensacj\u0105 ugi\u0119cia.\" \/>\n<meta property=\"og:url\" content=\"https:\/\/www.deratech.be\/pl\/uslugi\/24-modernizacja-stolu-dolnego\/\" \/>\n<meta property=\"og:site_name\" content=\"Deratech\" \/>\n<meta property=\"article:modified_time\" content=\"2021-07-22T17:20:23+00:00\" \/>\n<meta property=\"og:image\" content=\"https:\/\/www.deratech.be\/wp-content\/uploads\/2021\/07\/233826a67be66a810b23a263230da62e_XL-1.jpg\" \/>\n\t<meta property=\"og:image:width\" content=\"770\" \/>\n\t<meta property=\"og:image:height\" content=\"770\" \/>\n\t<meta property=\"og:image:type\" content=\"image\/jpeg\" \/>\n<meta name=\"twitter:card\" content=\"summary_large_image\" \/>\n<meta name=\"twitter:label1\" content=\"Szacowany czas czytania\" \/>\n\t<meta name=\"twitter:data1\" content=\"1 minuta\" \/>\n<script type=\"application\/ld+json\" class=\"yoast-schema-graph\">{\"@context\":\"https:\/\/schema.org\",\"@graph\":[{\"@type\":\"WebPage\",\"@id\":\"https:\/\/www.deratech.be\/pl\/uslugi\/24-modernizacja-stolu-dolnego\/\",\"url\":\"https:\/\/www.deratech.be\/pl\/uslugi\/24-modernizacja-stolu-dolnego\/\",\"name\":\"MODERNIZACJA STO\u0141U DOLNEGO - Deratech\",\"isPartOf\":{\"@id\":\"https:\/\/www.deratech.be\/pl\/#website\"},\"primaryImageOfPage\":{\"@id\":\"https:\/\/www.deratech.be\/pl\/uslugi\/24-modernizacja-stolu-dolnego\/#primaryimage\"},\"image\":{\"@id\":\"https:\/\/www.deratech.be\/pl\/uslugi\/24-modernizacja-stolu-dolnego\/#primaryimage\"},\"thumbnailUrl\":\"https:\/\/www.deratech.be\/wp-content\/uploads\/2021\/07\/233826a67be66a810b23a263230da62e_XL-1.jpg\",\"datePublished\":\"2021-07-21T15:31:25+00:00\",\"dateModified\":\"2021-07-22T17:20:23+00:00\",\"breadcrumb\":{\"@id\":\"https:\/\/www.deratech.be\/pl\/uslugi\/24-modernizacja-stolu-dolnego\/#breadcrumb\"},\"inLanguage\":\"pl-PL\",\"potentialAction\":[{\"@type\":\"ReadAction\",\"target\":[\"https:\/\/www.deratech.be\/pl\/uslugi\/24-modernizacja-stolu-dolnego\/\"]}]},{\"@type\":\"ImageObject\",\"inLanguage\":\"pl-PL\",\"@id\":\"https:\/\/www.deratech.be\/pl\/uslugi\/24-modernizacja-stolu-dolnego\/#primaryimage\",\"url\":\"https:\/\/www.deratech.be\/wp-content\/uploads\/2021\/07\/233826a67be66a810b23a263230da62e_XL-1.jpg\",\"contentUrl\":\"https:\/\/www.deratech.be\/wp-content\/uploads\/2021\/07\/233826a67be66a810b23a263230da62e_XL-1.jpg\",\"width\":770,\"height\":770},{\"@type\":\"BreadcrumbList\",\"@id\":\"https:\/\/www.deratech.be\/pl\/uslugi\/24-modernizacja-stolu-dolnego\/#breadcrumb\",\"itemListElement\":[{\"@type\":\"ListItem\",\"position\":1,\"name\":\"Home\",\"item\":\"https:\/\/www.deratech.be\/pl\/\"},{\"@type\":\"ListItem\",\"position\":2,\"name\":\"Us\u0142ugi\",\"item\":\"https:\/\/www.deratech.be\/pl\/uslugi\/\"},{\"@type\":\"ListItem\",\"position\":3,\"name\":\"MODERNIZACJA STO\u0141U DOLNEGO\"}]},{\"@type\":\"WebSite\",\"@id\":\"https:\/\/www.deratech.be\/pl\/#website\",\"url\":\"https:\/\/www.deratech.be\/pl\/\",\"name\":\"Deratech\",\"description\":\"\",\"potentialAction\":[{\"@type\":\"SearchAction\",\"target\":{\"@type\":\"EntryPoint\",\"urlTemplate\":\"https:\/\/www.deratech.be\/pl\/?s={search_term_string}\"},\"query-input\":{\"@type\":\"PropertyValueSpecification\",\"valueRequired\":true,\"valueName\":\"search_term_string\"}}],\"inLanguage\":\"pl-PL\"}]}<\/script>\n<!-- \/ Yoast SEO plugin. -->","yoast_head_json":{"title":"MODERNIZACJA STO\u0141U DOLNEGO - Deratech","robots":{"index":"index","follow":"follow","max-snippet":"max-snippet:-1","max-image-preview":"max-image-preview:large","max-video-preview":"max-video-preview:-1"},"canonical":"https:\/\/www.deratech.be\/pl\/uslugi\/24-modernizacja-stolu-dolnego\/","og_locale":"pl_PL","og_type":"article","og_title":"MODERNIZACJA STO\u0141U DOLNEGO - Deratech","og_description":"Nie uzyskujesz dok\u0142adnego k\u0105ta gi\u0119cia na ca\u0142ej d\u0142ugo\u015bci gi\u0119cia Twojej prasy kraw\u0119dziowej ? W\u0142a\u015bciwym rozwi\u0105zaniem jest tu st\u00f3\u0142 dolny z kompensacj\u0105 ugi\u0119cia.","og_url":"https:\/\/www.deratech.be\/pl\/uslugi\/24-modernizacja-stolu-dolnego\/","og_site_name":"Deratech","article_modified_time":"2021-07-22T17:20:23+00:00","og_image":[{"width":770,"height":770,"url":"https:\/\/www.deratech.be\/wp-content\/uploads\/2021\/07\/233826a67be66a810b23a263230da62e_XL-1.jpg","type":"image\/jpeg"}],"twitter_card":"summary_large_image","twitter_misc":{"Szacowany czas czytania":"1 minuta"},"schema":{"@context":"https:\/\/schema.org","@graph":[{"@type":"WebPage","@id":"https:\/\/www.deratech.be\/pl\/uslugi\/24-modernizacja-stolu-dolnego\/","url":"https:\/\/www.deratech.be\/pl\/uslugi\/24-modernizacja-stolu-dolnego\/","name":"MODERNIZACJA STO\u0141U DOLNEGO - Deratech","isPartOf":{"@id":"https:\/\/www.deratech.be\/pl\/#website"},"primaryImageOfPage":{"@id":"https:\/\/www.deratech.be\/pl\/uslugi\/24-modernizacja-stolu-dolnego\/#primaryimage"},"image":{"@id":"https:\/\/www.deratech.be\/pl\/uslugi\/24-modernizacja-stolu-dolnego\/#primaryimage"},"thumbnailUrl":"https:\/\/www.deratech.be\/wp-content\/uploads\/2021\/07\/233826a67be66a810b23a263230da62e_XL-1.jpg","datePublished":"2021-07-21T15:31:25+00:00","dateModified":"2021-07-22T17:20:23+00:00","breadcrumb":{"@id":"https:\/\/www.deratech.be\/pl\/uslugi\/24-modernizacja-stolu-dolnego\/#breadcrumb"},"inLanguage":"pl-PL","potentialAction":[{"@type":"ReadAction","target":["https:\/\/www.deratech.be\/pl\/uslugi\/24-modernizacja-stolu-dolnego\/"]}]},{"@type":"ImageObject","inLanguage":"pl-PL","@id":"https:\/\/www.deratech.be\/pl\/uslugi\/24-modernizacja-stolu-dolnego\/#primaryimage","url":"https:\/\/www.deratech.be\/wp-content\/uploads\/2021\/07\/233826a67be66a810b23a263230da62e_XL-1.jpg","contentUrl":"https:\/\/www.deratech.be\/wp-content\/uploads\/2021\/07\/233826a67be66a810b23a263230da62e_XL-1.jpg","width":770,"height":770},{"@type":"BreadcrumbList","@id":"https:\/\/www.deratech.be\/pl\/uslugi\/24-modernizacja-stolu-dolnego\/#breadcrumb","itemListElement":[{"@type":"ListItem","position":1,"name":"Home","item":"https:\/\/www.deratech.be\/pl\/"},{"@type":"ListItem","position":2,"name":"Us\u0142ugi","item":"https:\/\/www.deratech.be\/pl\/uslugi\/"},{"@type":"ListItem","position":3,"name":"MODERNIZACJA STO\u0141U DOLNEGO"}]},{"@type":"WebSite","@id":"https:\/\/www.deratech.be\/pl\/#website","url":"https:\/\/www.deratech.be\/pl\/","name":"Deratech","description":"","potentialAction":[{"@type":"SearchAction","target":{"@type":"EntryPoint","urlTemplate":"https:\/\/www.deratech.be\/pl\/?s={search_term_string}"},"query-input":{"@type":"PropertyValueSpecification","valueRequired":true,"valueName":"search_term_string"}}],"inLanguage":"pl-PL"}]}},"_links":{"self":[{"href":"https:\/\/www.deratech.be\/pl\/wp-json\/wp\/v2\/pages\/714","targetHints":{"allow":["GET"]}}],"collection":[{"href":"https:\/\/www.deratech.be\/pl\/wp-json\/wp\/v2\/pages"}],"about":[{"href":"https:\/\/www.deratech.be\/pl\/wp-json\/wp\/v2\/types\/page"}],"author":[{"embeddable":true,"href":"https:\/\/www.deratech.be\/pl\/wp-json\/wp\/v2\/users\/1"}],"replies":[{"embeddable":true,"href":"https:\/\/www.deratech.be\/pl\/wp-json\/wp\/v2\/comments?post=714"}],"version-history":[{"count":0,"href":"https:\/\/www.deratech.be\/pl\/wp-json\/wp\/v2\/pages\/714\/revisions"}],"up":[{"embeddable":true,"href":"https:\/\/www.deratech.be\/pl\/wp-json\/wp\/v2\/pages\/687"}],"wp:featuredmedia":[{"embeddable":true,"href":"https:\/\/www.deratech.be\/pl\/wp-json\/wp\/v2\/media\/601"}],"wp:attachment":[{"href":"https:\/\/www.deratech.be\/pl\/wp-json\/wp\/v2\/media?parent=714"}],"curies":[{"name":"wp","href":"https:\/\/api.w.org\/{rel}","templated":true}]}}

MODERNIZACJA STOŁU DOLNEGO

<p>Nie uzyskujesz dokładnego kąta gięcia na całej długości gięcia Twojej prasy krawędziowej ? Właściwym rozwiązaniem jest tu stół dolny z kompensacją ugięcia.</p>

<!-- This site is optimized with the Yoast SEO plugin v27.0 - https://yoast.com/product/yoast-seo-wordpress/ -->
<title>MODERNIZACJA STOŁU DOLNEGO - Deratech</title>
<meta name="robots" content="index, follow, max-snippet:-1, max-image-preview:large, max-video-preview:-1" />
<link rel="canonical" href="https://www.deratech.be/pl/uslugi/24-modernizacja-stolu-dolnego/" />
<meta property="og:locale" content="pl_PL" />
<meta property="og:type" content="article" />
<meta property="og:title" content="MODERNIZACJA STOŁU DOLNEGO - Deratech" />
<meta property="og:description" content="Nie uzyskujesz dokładnego kąta gięcia na całej długości gięcia Twojej prasy krawędziowej ? Właściwym rozwiązaniem jest tu stół dolny z kompensacją ugięcia." />
<meta property="og:url" content="https://www.deratech.be/pl/uslugi/24-modernizacja-stolu-dolnego/" />
<meta property="og:site_name" content="Deratech" />
<meta property="article:modified_time" content="2021-07-22T17:20:23+00:00" />
<meta property="og:image" content="https://www.deratech.be/wp-content/uploads/2021/07/233826a67be66a810b23a263230da62e_XL-1.jpg" />
	<meta property="og:image:width" content="770" />
	<meta property="og:image:height" content="770" />
	<meta property="og:image:type" content="image/jpeg" />
<meta name="twitter:card" content="summary_large_image" />
<meta name="twitter:label1" content="Szacowany czas czytania" />
	<meta name="twitter:data1" content="1 minuta" />
<script type="application/ld+json" class="yoast-schema-graph">{"@context":"https://schema.org","@graph":[{"@type":"WebPage","@id":"https://www.deratech.be/pl/uslugi/24-modernizacja-stolu-dolnego/","url":"https://www.deratech.be/pl/uslugi/24-modernizacja-stolu-dolnego/","name":"MODERNIZACJA STOŁU DOLNEGO - Deratech","isPartOf":{"@id":"https://www.deratech.be/pl/#website"},"primaryImageOfPage":{"@id":"https://www.deratech.be/pl/uslugi/24-modernizacja-stolu-dolnego/#primaryimage"},"image":{"@id":"https://www.deratech.be/pl/uslugi/24-modernizacja-stolu-dolnego/#primaryimage"},"thumbnailUrl":"https://www.deratech.be/wp-content/uploads/2021/07/233826a67be66a810b23a263230da62e_XL-1.jpg","datePublished":"2021-07-21T15:31:25+00:00","dateModified":"2021-07-22T17:20:23+00:00","breadcrumb":{"@id":"https://www.deratech.be/pl/uslugi/24-modernizacja-stolu-dolnego/#breadcrumb"},"inLanguage":"pl-PL","potentialAction":[{"@type":"ReadAction","target":["https://www.deratech.be/pl/uslugi/24-modernizacja-stolu-dolnego/"]}]},{"@type":"ImageObject","inLanguage":"pl-PL","@id":"https://www.deratech.be/pl/uslugi/24-modernizacja-stolu-dolnego/#primaryimage","url":"https://www.deratech.be/wp-content/uploads/2021/07/233826a67be66a810b23a263230da62e_XL-1.jpg","contentUrl":"https://www.deratech.be/wp-content/uploads/2021/07/233826a67be66a810b23a263230da62e_XL-1.jpg","width":770,"height":770},{"@type":"BreadcrumbList","@id":"https://www.deratech.be/pl/uslugi/24-modernizacja-stolu-dolnego/#breadcrumb","itemListElement":[{"@type":"ListItem","position":1,"name":"Home","item":"https://www.deratech.be/pl/"},{"@type":"ListItem","position":2,"name":"Usługi","item":"https://www.deratech.be/pl/uslugi/"},{"@type":"ListItem","position":3,"name":"MODERNIZACJA STOŁU DOLNEGO"}]},{"@type":"WebSite","@id":"https://www.deratech.be/pl/#website","url":"https://www.deratech.be/pl/","name":"Deratech","description":"","potentialAction":[{"@type":"SearchAction","target":{"@type":"EntryPoint","urlTemplate":"https://www.deratech.be/pl/?s={search_term_string}"},"query-input":{"@type":"PropertyValueSpecification","valueRequired":true,"valueName":"search_term_string"}}],"inLanguage":"pl-PL"}]}</script>
<!-- / Yoast SEO plugin. -->

MODERNIZACJA STOŁU DOLNEGO - Deratech

Nie uzyskujesz dokładnego kąta gięcia na całej długości gięcia Twojej prasy krawędziowej ? Właściwym rozwiązaniem jest tu stół dolny z kompensacją ugięcia.

Usługi
